ainder when l(6) is divided by b/3 - (-2)/3.
4
Let o = -295 - -426. Calculate the remainder when o is divided by 27.
23
Let o = 15 - 2. Calculate the remainder when 23 is divided by o.
10
Let y(s) = s**3 + 6*s**2 + 2. Calculate the remainder when y(-5) is divided by 7.
6
Let f be 36/(-9)*10/(-8). Suppose -2*o - 3*m + 1 = -26, -2*o + m + 7 = 0. Suppose b - o*b = -f. Calculate the remainder when b is divided by 1.
0
Let m = 32 + -21. What is the remainder when 258/(-15)*5/(-2) is divided by m?
10
Suppose 45 = -4*g + 5*g. Calculate the remainder when g is divided by 10.
5
Suppose 2*b = 3*s + 48, -2*s - 24 = -2*b + 20. Let k be 4*1*9/18. What is the remainder when b is divided by ((-11)/k + 3)*-2?
3
Let m(u) = 2*u**2 - 8*u + 6. Let v be m(5). Suppose 0 = -a - a + v. Suppose -3*t = -a*t + 165. Calculate the remainder when t is divided by 17.
16
Suppose -2*c - c = p - 8, 14 = -c + 3*p. Let z(d) = d**3 + d - 1. Let u be z(0). What is the remainder when (-124)/4*u/c is divided by 11?
9
Let z(u) = 11*u**2 - 2*u - 1. Calculate the remainder when 21 is divided by z(-1).
9
Suppose 116 = 7*l - 3*l. Let a(y) = -y**2. Let z(c) = 3*c**2 - 9*c - 1. Let m(v) = -2*a(v) - z(v). What is the remainder when l is divided by m(7)?
14
Calculate the remainder when -237*(44/12 - 4) is divided by 27.
25
Let g = 1 - -2. Calculate the remainder when 24/(-20)*20/(-6) is divided by g.
1
Let i be ((-8)/(-3))/(4/42). Suppose -k - k + i = 0. What is the remainder when k is divided by 8?
6
Let g be -1 - (-35)/(1 + -2). What is the remainder when (-2)/9 - 404/g is divided by 7?
4
Suppose 10 = 5*o - 0*o. Suppose 2*a - 10 = -4. Suppose 5*b = 5*f + 35, -b + a*b = 5*f + 20. Calculate the remainder when b is divided by o.
1
Let p be (-8)/3*(-3)/2. Let f(r) be the first derivative of 5*r**2/2 - 6*r + 6. Calculate the remainder when f(p) is divided by 8.
6
Suppose -2*r - 5 + 13 = 0, -3*b + 28 = -2*r. What is the remainder when b is divided by 3?
0
Let q(a) = a**3 + 10*a**2 - 21*a - 17. What is the remainder when q(-10) is divided by 28?
25
Suppose 0*v + 5*v = -10. Calculate the remainder when (4/v - -1)*-17 is divided by 9.
8
Let v be ((-11)/(-4) + -1)*4. Let f(h) = -h**3 + 6*h**2 + 10*h - 4. Suppose -2*o - 12 = -4*o. What is the remainder when f(v) is divided by o?
5
Suppose 2*u = 3*j + 19, -j + 30 = 3*u - 4*j. What is the remainder when 75 is divided by u?
9
Let u(d) = d**3 + 5*d**2 - 4*d - 12. Let g be u(-5). Suppose 2 = i + 1. Suppose g - i = p. Calculate the remainder when p is divided by 3.
1
Let i(g) = g**2 - 13*g + 22. Calculate the remainder when 26 is divided by i(12).
6
Suppose 0*s - 3*s + 57 = 0. Suppose b + 5 = -x + s, 0 = 3*x + 2*b - 47. What is the remainder when 36 is divided by x?
17
Let s(p) = -p**2 + p + 3. Let g be s(-5). Let r = g + 42. Let c = 23 - -20. Calculate the remainder when c is divided by r.
13
Let v = -23 - -34. What is the remainder when 19 is divided by v?
8
Let a = -45 + 66. Suppose -2*d + 16 = -2*x, 5*d + 14 = -x + 54. Suppose 3*t + 55 = d*t. What is the remainder when a is divided by t?
10
Suppose 0 = -g + 2*i + 13, i - 5 = -g - 1. Calculate the remainder when 47 is divided by g.
5
Suppose -3*k - 5*a = -7, -2*k - 1 = 3*a - 7. Suppose -l + k = -s, 0 = 4*s + 3 + 5. What is the remainder when 13 is divided by l?
6
Let d be 2 + 5/((-5)/3). Let u be (4 + -6)*(2 + d). Calculate the remainder when 44 is divided by ((-2)/(-4))/(u/(-92)).
21
Let z(u) = -27*u + 7. Calculate the remainder when z(-4) is divided by 29.
28
Suppose 2*u = u + 21. Let d = -119 - -84. Let i = -23 - d. What is the remainder when u is divided by i?
9
Suppose -2*l - 2*z = -5*l + 69, l - 10 = 5*z. What is the remainder when l is divided by 7?
4
Let j = 7 - -6. Suppose u = r + 10 + 10, 3*u - 4*r - 55 = 0. What is the remainder when u is divided by j?
12
Suppose -m = -7*m. Suppose m = 5*f - 142 + 22. What is the remainder when 93 is divided by f?
21
Calculate the remainder when 2500/90 + 2/9 is divided by 15.
13
Let j(f) = -f**3 + 11*f**2 + 4. Let i be j(11). Let m = 36 - 9. Suppose -4*g - 3*y = -47, -19 - m = -i*g - 2*y. What is the remainder when 20 is divided by g?
9
Suppose 2*t = 7*t - 60. Suppose 2*f - 4 - 2 = 0, -x - 5*f + 52 = 0. What is the remainder when x is divided by 2 + (-2 + t - -1)?
11
Let m = 11 + -6. Let q = m - 4. Suppose -3*d - 4*t + 4 = 1, -2*d + 2*t + 2 = 0. Calculate the remainder when d is divided by q.
0
Let y = 0 + 13. What is the remainder when 38 is divided by y?
12
Let c(k) = -k**3 + 6 - 5*k**3 - 7. Calculate the remainder when 7 is divided by c(-1).
2
Let r(i) = i + 3. Let t be r(-6). Let c(d) = d**3 + 3*d**2 + 1. What is the remainder when 1 is divided by c(t)?
0
Suppose -4*m - 48 = -112. What is the remainder when (-47)/(-1) + (0 - 2) is divided by m?
13
Calculate the remainder when (1/2)/(0 - 4/(-576)) is divided by 25.
22
Let g(n) = n**2 + 6. Let k be g(0). Suppose 64 = -2*q + k*q. Calculate the remainder when 30 is divided by q.
14
Let d(w) = -w**3 - 8*w**2 - 10*w - 8. Let s be d(-7). Suppose s = 3*i + 1. Calculate the remainder when i is divided by 3.
1
Let g = -1 + 3. Let r be 272/20 - g/(-5). Let d = r - -3. Calculate the remainder when d is divided by 9.
8
Let s be 8/(-20)*(0 + -5). Let y be -2 + (4/2)/s. Calculate the remainder when 10 is divided by (y - -8)*6/7.
4
Suppose -3*w - 66 = -3*j - 5*w, 63 = 3*j + w. Calculate the remainder when 39 is divided by j.
19
Suppose 3*r - 3*u = 24, 3*r + 2*u - 49 = -0*u. What is the remainder when 89 is divided by r?
11
Suppose -2*v - 7 = -5*v + 4*g, 0 = -3*v + 2*g + 11. Calculate the remainder when 9 is divided by v.
4
Let y(m) = -m - 12. Let i be y(-9). Let x be i/((-27)/6)*3. Suppose -25 + 5 = -x*q. Calculate the remainder when q is divided by 6.
4
Suppose -6*a = -a - 355. Let i = a + -50. Suppose p + h = -1 + i, -57 = -3*p - 2*h. Calculate the remainder when 32 is divided by p.
15
Let g(l) = 22*l**2 - 1. Let k be g(-2). Let i = -58 + k. Let z = 25 + -15. What is the remainder when i is divided by z?
9
Suppose 3*z - 24 = 3. What is the remainder when z is divided by 4?
1
Let s = 58 + -40. Calculate the remainder when s is divided by 11.
7
Calculate the remainder when 26*(14/(-4))/(-1) is divided by (5/(35/(-62)))/(10/(-35)).
29
Let n(h) = 11*h - 38. Calculate the remainder when 51 is divided by n(4).
3
Let k(i) = -15*i. Suppose 3*d - 201 = -j, d - 5*j = -d + 117. Let n = d - 37. Calculate the remainder when n is divided by k(-1).
14
Suppose -4*k - k = 4*r + 85, 0 = 4*k + 4*r + 72. Let f = k - -20. What is the remainder when 27 is divided by f?
6
Let d(r) = -4*r + 2. Let j(q) = q**3 - 9*q**2 + 9*q - 12. Let y be j(8). What is the remainder when 71 is divided by d(y)?
17
Let z = -37 + 46. What is the remainder when z is divided by 6?
3
Suppose -7*o + 9*o = 42. What is the remainder when o is divided by (-2)/8 + (-45)/(-4)?
10
Let b(j) = j**3 + 10*j**2 + 9*j + 9. Let v be b(-8). Suppose 0 = -3*r - l + 54, -5*r - 2*l + 26 = -v. Calculate the remainder when r is divided by 5.
2
Let s(f) = 2*f + 3 - 6*f + 7*f. Calculate the remainder when s(7) is divided by 13.
11
Suppose 300 = 5*v + d, -3*v + 4*d = -2*v - 39. Calculate the remainder when v is divided by 15.
14
Let l = 162 - 155. What is the remainder when 62 is divided by l?
6
Suppose 2*i = -0*i - 10. Let g = i + 9. Calculate the remainder when 6 is divided by g.
2
Suppose 11 + 16 = 3*v. Let q = -269 + 275. Calculate the remainder when v is divided by q.
3
Let h = -3 + 8. Suppose -230 = -h*m - 45. Suppose 5*t - 4*d + 2*d - 75 = 0, t - 23 = 2*d. What is the remainder when m is divided by t?
11
Let z be (32/(-20))/(4/(-50)). Let t = -9 - -14. Suppose -t*o = -55 - z. What is the remainder when 43 is divided by o?
13
Let m(i) = 3*i**3 - 2*i**2 - 7*i + 11. Let c(a) = 2*a**3 - a**2 - 3*a + 6. Let l(z) = 5*c(z) - 3*m(z). Calculate the remainder when l(3) is divided by 13.
12
Suppose 3*g + 21 = -0*g. Calculate the remainder when 13 is divided by (g/2)/((-3)/6).
6
Let q be (-4)/18 + 1271/9. Suppose 5*x = -m + q, -3*m - 113 = -4*x - 4*m. Suppose 2*z - 84 = -x. What is the remainder when z is divided by 15?
13
Let w(x) = x**2 + x + 19. Suppose -18 - 257 = -5*y. Calculate the remainder when y is divided by w(0).
17
Let f(m) = -m**2 + m + 16. Let g be (-2)/3 - (-4)/6. Suppose 